{"id":4721,"date":"2017-10-15T09:28:03","date_gmt":"2017-10-15T09:28:03","guid":{"rendered":"http:\/\/www.franrusso.com\/bitacora\/?page_id=4721"},"modified":"2018-11-01T08:21:22","modified_gmt":"2018-11-01T08:21:22","slug":"tal-vez-fui-exupery","status":"publish","type":"page","link":"https:\/\/www.franrusso.com\/libros\/tal-vez-fui-exupery\/","title":{"rendered":"Tal vez fui Exup\u00e9ry"},"content":{"rendered":"<p><img  src=\"https:\/\/www.franrusso.com\/libros\/wp-content\/themes\/bokehpro2\/img\/FFFFFF-0.png\"  loading=\"lazy\"  class=\"aligncenter wp-image-4723 img-responsive\"   data-original=\"http:\/\/www.franrusso.com\/libros\/wp-content\/uploads\/2017\/10\/principitoHD-1.jpg\" style=\"background-image:url(https:\/\/www.franrusso.com\/libros\/wp-content\/themes\/bokehpro2\/img\/preloader.gif);background-position:center;background-repeat:no-repeat;\"  alt=\"Tal vez fui Exup\u00e9ry\" width=\"322\" height=\"300\" \/><\/p>\n<p>&nbsp;<\/p>\n<p style=\"text-align: justify;\"><em>\u00abEste sorprendente y valiente libro est\u00e1 escrito desde lo m\u00e1s hondo del coraz\u00f3n, reclamando una perspectiva diferente con la que contemplar la realidad de la reencarnaci\u00f3n, su l\u00f3gica y su sentido m\u00e1s all\u00e1 de conceptos errados y de prejuicios motivados por falta de informaci\u00f3n.<\/em><\/p>\n<p style=\"text-align: justify;\"><em>Puede que sea un delirio, pero un delirio que da paz al alma angustiada por la duda. En realidad, lo menos importante es si el autor escribi\u00f3 hace medio siglo otros libros con otro nombre, otra piel y otras pupilas. Lo esencial, una vez m\u00e1s, es invisible a los ojos. \u00bfCon qu\u00e9 leer\u00e1s este libro? Puede que tu respuesta te haga contemplar la vida desde una nueva perspectiva y paz.\u00bb<\/em><\/p>\n<p style=\"text-align: right;\"><strong>Esdr\u00fajula ediciones<\/strong><\/p>\n<p>&nbsp;<\/p>\n<p style=\"text-align: center;\">Puedes comprar el libro en cualquier librer\u00eda de Espa\u00f1a o en el site de la editorial, <a href=\"http:\/\/www.esdrujula.es\/libro\/tal-vez-fui-sain-exupery\/\" target=\"_blank\" rel=\"noopener\">Esdr\u00fajula Ediciones\u00a0<\/a><\/p>\n<p style=\"text-align: center;\">O tambi\u00e9n en Amazon en papel f\u00edsico en este <a href=\"https:\/\/www.amazon.es\/Tal-vez-fui-Saint-Exup%C3%A9ry-Etc%C3%A9tera\/dp\/8417042288\/ref=pd_sbs_14_3?_encoding=UTF8&amp;pd_rd_i=8417042288&amp;pd_rd_r=48c15a1b-ddaa-11e8-979f-fb7a80689dcb&amp;pd_rd_w=ofdWN&amp;pd_rd_wg=Ezjr9&amp;pf_rd_i=desktop-dp-sims&amp;pf_rd_m=A1AT7YVPFBWXBL&amp;pf_rd_p=544b4b06-0fdf-4032-855d-b06c1b9b547a&amp;pf_rd_r=0Z9WNGR97D3ZG53Y2C44&amp;pf_rd_s=desktop-dp-sims&amp;pf_rd_t=40701&amp;psc=1&amp;refRID=0Z9WNGR97D3ZG53Y2C44\" target=\"_blank\" rel=\"noopener\">enlace<\/a> o en formato digital en Kindle en este otro <a href=\"https:\/\/www.amazon.es\/Tal-vez-fue-Saint-Exup%C3%A9ry-ebook\/dp\/B079T241D1\/ref=sr_1_fkmr0_1?s=books&amp;ie=UTF8&amp;qid=1541060073&amp;sr=1-1-fkmr0&amp;keywords=Tal+vez+fui+Saint-Exup%C3%A9ry\" target=\"_blank\" rel=\"noopener\">enlace<\/a>.<\/p>\n<p style=\"text-align: center;\">Tambi\u00e9n puedes comenzar a leer el libro <a href=\"http:\/\/www.esdrujula.es\/wp-content\/uploads\/2017\/10\/talvezfui_empiezaaleer.pdf\" target=\"_blank\" rel=\"noopener\">aqu\u00ed<\/a>.<\/p>\n<p>&nbsp;<\/p>\n<p>&nbsp;<\/p>\n","protected":false},"excerpt":{"rendered":"<\/p>\n<p><a class=\"bp-read_more\" href=\"https:\/\/www.franrusso.com\/libros\/tal-vez-fui-exupery\/\">Ver m\u00e1s<\/a><\/p>\n","protected":false},"author":2,"featured_media":0,"parent":0,"menu_order":0,"comment_status":"open","ping_status":"open","template":"","meta":[],"_links":{"self":[{"href":"https:\/\/www.franrusso.com\/libros\/wp-json\/wp\/v2\/pages\/4721"}],"collection":[{"href":"https:\/\/www.franrusso.com\/libros\/wp-json\/wp\/v2\/pages"}],"about":[{"href":"https:\/\/www.franrusso.com\/libros\/wp-json\/wp\/v2\/types\/page"}],"author":[{"embeddable":true,"href":"https:\/\/www.franrusso.com\/libros\/wp-json\/wp\/v2\/users\/2"}],"replies":[{"embeddable":true,"href":"https:\/\/www.franrusso.com\/libros\/wp-json\/wp\/v2\/comments?post=4721"}],"version-history":[{"count":23,"href":"https:\/\/www.franrusso.com\/libros\/wp-json\/wp\/v2\/pages\/4721\/revisions"}],"predecessor-version":[{"id":4802,"href":"https:\/\/www.franrusso.com\/libros\/wp-json\/wp\/v2\/pages\/4721\/revisions\/4802"}],"wp:attachment":[{"href":"https:\/\/www.franrusso.com\/libros\/wp-json\/wp\/v2\/media?parent=4721"}],"curies":[{"name":"wp","href":"https:\/\/api.w.org\/{rel}","templated":true}]}}